q?
8
Suppose -2*p + 308 = l, -2*l + 672 = 2*p + 58. What is the hundreds digit of l?
3
Let m(a) = a**3 - 5*a**2 + 2*a + 5. Let y be m(4). Let v = y + -1. Let x = v + 6. What is the units digit of x?
2
Suppose 0*h + 4*h = -3*v + 38, 5*h - 4*v = 32. Let m(o) = -o**3 + 7*o**2 + 9*o + 6. What is the tens digit of m(h)?
1
Let v = -2 + 6. Suppose 4*n + v*d = 16, -d - 2*d = -n - 8. What is the units digit of ((-2)/(-6))/(n/33)?
1
Let v(d) = 5 - 4 + 0 - 18*d**2 + 58*d**2. What is the units digit of v(-1)?
1
Suppose 0 = 7*u - 3676 + 1114. What is the units digit of u?
6
Let z(g) = g - 5. Let q be z(4). Let a = q + 1. Suppose -2*x + 7*x = -m + 10, a = -3*x - 3*m + 6. What is the units digit of x?
2
Suppose -975 = -5*j - 5*d, -3*d - 302 = 5*j - 1275. What is the tens digit of j?
9
Let k be (2/6)/(4/36). Let b(d) = 3 + d**3 - d + k*d**2 + 0*d - d - 2*d**2. What is the units digit of b(2)?
1
Suppose -5*c = 4*q - 5*q + 73, -3*c = 5*q + 27. Let w = -9 - c. What is the units digit of 0/(w + -2) - -1?
1
Let l be (-1 + 3)*(-4)/(-4). Suppose 5*x - v - l*v - 86 = 0, 0 = -v - 2. What is the tens digit of x?
1
Let c = -5 + 18. Let b = -9 + c. What is the units digit of b?
4
Let u(a) = 25*a**2 + a. Let c be u(-1). Let l = -12 + c. What is the units digit of l?
2
Suppose -2*c + 264 = 3*k, -352 = -4*k - 0*k + 2*c. What is the tens digit of k?
8
Let j(c) = -c**3 - 3*c**2 + c + 2. Let h be j(-5). Let a = 141 - h. Suppose -a + 29 = -5*w. What is the units digit of w?
3
Let s be 1/(-2 + 3) - 1. Suppose s*l = l - 17. What is the units digit of l?
7
Let u = 30 - -12. Suppose 0 = 4*p + 70 + u. What is the units digit of (p/6)/((-2)/3)?
7
What is the units digit of (20/(-3))/(16/(-72))?
0
Let i = -6 - -85. What is the units digit of i?
9
Let t(s) be the first derivative of -s**5/60 - s**4/3 - s**3/2 + s**2 - 2. Let i(k) be the second derivative of t(k). What is the units digit of i(-6)?
9
Let v = 27 - 1. Let m = -11 + v. Let i = m - 11. What is the units digit of i?
4
Let i(v) = 2*v - 4. Suppose 4*y - 3 = 9. Suppose -y*q = w - 18, 2*q + 5*w - 26 = -1. What is the units digit of i(q)?
6
Let m = -11 - -18. Suppose -m + 3 = -u. What is the units digit of u?
4
Suppose 0 = -0*t + t - 20. Let o(c) = -2*c - 3. Let f be o(4). Let d = f + t. What is the units digit of d?
9
Let p = -36 - -53. What is the tens digit of p?
1
Let u = 8 - 8. Suppose u*m + 2*f = -4*m + 10, -f = -2*m + 11. Suppose -5*s = 5*y - 45, 3*s + m*y + y = 35. What is the units digit of s?
5
Let h = 5 + -7. Let v be (-39)/h*24/9. What is the tens digit of v/5 + (-8)/20?
1
Let u(x) = -x**3 + 3*x**2 + 4. Let v be u(3). What is the units digit of (1 - v)/((-15)/45)?
9
Let x(l) = -l + 6. Let g be x(5). Let t(i) = i**3 - i**2 - i + 3. Let m be t(0). Suppose 31 = m*r + g. What is the tens digit of r?
1
Suppose -21 = 4*y + 4*b + 59, -5*y + 2*b - 114 = 0. Let x = -10 - y. What is the units digit of x?
2
Let y = -1 + 1. Let a be (y/(3*-1))/1. Let x = a - -4. What is the units digit of x?
4
Let i(f) = -f**2 + 15*f - 4. What is the units digit of i(13)?
2
Suppose 4*o - 20 = 4. Suppose 3*c + 4*r = o*r - 38, 0 = 4*c + 4*r + 24. Let w = c - -14. What is the units digit of w?
4
Let t(x) be the first derivative of x**2/2 + x - 3. Let b(g) = 3*g + 1. Let u(m) = -b(m) + 4*t(m). What is the units digit of u(6)?
9
Let o be (6/(-4))/((-4)/8). Suppose 0 = -4*v - 5*y + 19, -v + y + o*y = -10. What is the units digit of v?
6
Suppose -z = -5*t - 17, -t = -z - 2*z - 19. Let u = z + 11. What is the units digit of 20/u + 4/(-6)?
6
Let m be 1/(-2)*(-1 + -179). Suppose 0 = 5*g - 0*g - m. What is the tens digit of ((-8)/(-12))/(1/g)?
1
Let i(j) = 6*j + 24. What is the tens digit of i(4)?
4
Suppose -2*t - 6 = -24. What is the units digit of t?
9
Let s(r) = 3*r - 5 + 3 - 2. Let q be s(3). Suppose -3*i - 7 = -5*b, q*i + b - 4*b = -1. What is the units digit of i?
1
Suppose -4*k - 3*v + 22 = 0, 2*v + v + 14 = 5*k. Let q be (-1)/2 - (-2)/k. Let h(f) = -f + 7. What is the units digit of h(q)?
7
Suppose -2*n + 5*n = -9. Let w be (4 - (6 - 3))*0. Let x = w - n. What is the units digit of x?
3
What is the tens digit of 2*(-1 + (-76)/(-8))?
1
Suppose 0 = 16*r - 632 + 24. What is the tens digit of r?
3
Suppose 4*j - j = 51. What is the units digit of j?
7
Let s(m) = m**2 + m. Let n be s(4). Suppose 2*q - 20 = -a, -3*q + 44 = -2*a - 0. Let d = n - q. What is the units digit of d?
8
Let b = -6 + 4. Let o = -2 - b. Suppose o = 4*t - 17 - 3. What is the units digit of t?
5
Let d(z) = z**3 + 3*z**2 - 4*z - 4. Let p be d(-4). Let v(h) = -5*h + 1. Let f be v(p). Suppose -7 = -2*t + f. What is the units digit of t?
4
Let o be (-6 + 6)*(0 - 1). Let x = 9 + o. What is the units digit of x?
9
Let y be 0*(-3)/(-6)*-1. Suppose -s + 5*s - 20 = y. What is the units digit of s?
5
Let p = 13 + 2. What is the tens digit of p?
1
Let o(y) = 2*y**3 - 7*y**2 + 5*y - 11. What is the units digit of o(5)?
9
Let v = 5 + -3. Suppose -v*n = -5*n + 12. Suppose n*g - 3 = -5*b + 13, -2*g + 8 = -b. What is the units digit of g?
4
Let a(b) be the first derivative of 3*b**2 - 2*b + 2. Let x be 3 - (-1 + 5 + -3). What is the units digit of a(x)?
0
Let g be 2/(-2 - 2*-2). Let q be g*(-80)/6*-3. What is the units digit of q/4 - (0 - -1)?
9
Let o be 11/(1 - 3/4). Suppose 0 = -t + 3*t - o. What is the tens digit of t?
2
Suppose 5*k - 4*k + 5*y - 168 = 0, 3*y = 5*k - 924. What is the tens digit of k?
8
Let a be ((-8)/(-10))/(10/(-25)). Let k = a + 3. What is the units digit of k?
1
Let c(j) = -2*j + 1. Let d be c(-1). Let p be (-2)/1 - d*-1. Suppose b = -p + 9. What is the units digit of b?
8
Let v be (3 + -2)/1 + 2. Let s(f) be the third derivative of -f**6/120 + f**5/20 + f**4/12 - 4*f**2. What is the units digit of s(v)?
6
Let u(p) = p**3 + 5*p**2 - 26*p + 7. What is the units digit of u(6)?
7
Suppose 49 = 4*z - 71. Let k = -19 + z. What is the units digit of k?
1
Let c(d) = -4*d + 8. Let t(r) = 5*r - 9. Let x(u) = -4*c(u) - 3*t(u). Let n be x(0). Let a = 0 - n. What is the units digit of a?
5
Suppose 3 = 2*x - 1. Suppose j = x*j + 6. Let p(n) = n**3 + 7*n**2 + 3*n - 3. What is the tens digit of p(j)?
1
Let j(p) = 3*p + 3. Let q(l) = 4*l + 2. Let f(u) = 5*j(u) - 4*q(u). Let z be f(-5). What is the units digit of (-3)/z - 99/(-12)?
8
Suppose 4*x = -3*t - 1 + 34, -3*x + 5*t + 32 = 0. What is the units digit of x?
9
Suppose 2*b - u - 9 = 0, -3 - 3 = -b + u. Suppose b*j = 10 + 8. Let o = 9 - j. What is the units digit of o?
3
Suppose 5*o + 0 - 25 = 0. Suppose f - 36 - o = 0. What is the tens digit of f?
4
Let t = -8 - -8. Suppose -60 = -5*q - t*q. What is the tens digit of q?
1
Suppose 0 = -0*w - w + c, -10 = -4*w + 2*c. What is the units digit of (-4)/(-14) + w/7?
1
Let o(q) be the first derivative of -3*q**4/4 - q**3/3 - q**2/2 - q + 1. Let w(d) = -d + 15. Let j be w(16). What is the units digit of o(j)?
2
Let g = 15 - 27. Let o = -1 - g. What is the tens digit of o?
1
Let t(j) = -j**3 + j + 14. Suppose 0 = 3*g - g. What is the tens digit of t(g)?
1
Suppose 0 = 5*c + 2*v + 4, -5*v = 10 - 0. Let q = c - -3. Suppose -q*h + 0*h = -t - 40, -2*t = 3*h - 46. What is the units digit of h?
4
What is the units digit of 18/(-21) + (-2)/14 + 2?
1
Let j(m) = -m**2 - 6*m - 7. Let v be j(-5). Let o be 0*(-1 - 1/v). Suppose -5*q + 3*q + 8 = o. What is the units digit of q?
4
Let x(t) = 8*t**2 - 6. What is the tens digit of x(-3)?
6
Suppose -2*p + 5*m + 235 = 0, -2*p - 5*m = -0*p - 225. What is the units digit of p?
5
Let r(n) = 11*n - 4. What is the tens digit of r(3)?
2
Suppose 4*m = -5*u + 25, 5*m = -2*u + 42 + 2. What is the tens digit of m?
1
Suppose 0 = s + 4*c - 59, -293 = -4*s - 0*c + 3*c. Let r = -50 + s. What is the tens digit of r?
2
What is the hundreds digit of ((-1)/(-2))/((-4)/(-1200))?
1
Let b = 20 + -5. Suppose b - 3 = 3*y. Suppose -a - y = -5*a. What is the units digit of a?
1
Suppose 0*t + 6 = -3*t. Suppose -2*n - 1 = -5. What is the units digit of -1 + t*(-15)/n?
4
Suppose 6*d - 67 = -1. What is the tens digit of d?
1
Suppose -3 - 12 = -3*r. Suppose 0 = -0*c - 4*c + 4*p + 52, 5*p = -r*c + 85. What is the units digit of c?
5
Let u(q) = q**3 + 14*q**2 - 3*q - 18. Let z be -15 + (-4 - (-1 - 4)). What is the tens digit of u(z)?
2
Suppose 2*b + 5*g = -11, 2*g = -5*b + 3*g + 40. Let k be 14/(-4